
Calculate the remainder when 526 is divided by 53.
49
What is the remainder when 20015 is divided by 36?
35
Calculate the remainder when 817 is divided by 174.
121
What is the remainder when 2064 is divided by 47?
43
What is the remainder when 2637 is divided by 24?
21
What is the remainder when 253 is divided by 136?
117
Calculate the remainder when 499 is divided by 25.
24
Calculate the remainder when 830 is divided by 414.
2
What is the remainder when 307 is divided by 261?
46
What is the remainder when 522 is divided by 80?
42
What is the remainder when 2033 is divided by 193?
103
Calculate the remainder when 3862 is divided by 21.
19
Calculate the remainder when 664 is divided by 10.
4
Calculate the remainder when 715 is divided by 114.
31
What is the remainder when 4389 is divided by 24?
21
What is the remainder when 49 is divided by 4?
1
Calculate the remainder when 106 is divided by 43.
20
Calculate the remainder when 53 is divided by 14.
11
Calculate the remainder when 339 is divided by 38.
35
Calculate the remainder when 588 is divided by 13.
3
What is the remainder when 164 is divided by 84?
80
What is the remainder when 1739 is divided by 576?
11
Calculate the remainder when 218 is divided by 35.
8
Calculate the remainder when 196 is divided by 7.
0
Calculate the remainder when 100 is divided by 21.
16
Calculate the remainder when 1472 is divided by 91.
16
Calculate the remainder when 137 is divided by 70.
67
Calculate the remainder when 337 is divided by 97.
46
Calculate the remainder when 509 is divided by 73.
71
Calculate the remainder when 48 is divided by 45.
3
Calculate the remainder when 99 is divided by 6.
3
Calculate the remainder when 102 is divided by 39.
24
What is the remainder when 15 is divided by 4?
3
What is the remainder when 3826 is divided by 132?
130
What is the remainder when 261 is divided by 54?
45
Calculate the remainder when 1083 is divided by 359.
6
Calculate the remainder when 2962 is divided by 102.
4
What is the remainder when 34 is divided by 4?
2
What is the remainder when 254 is divided by 70?
44
Calculate the remainder when 230 is divided by 110.
10
Calculate the remainder when 325 is divided by 82.
79
What is the remainder when 887 is divided by 40?
7
What is the remainder when 70 is divided by 29?
12
Calculate the remainder when 1032 is divided by 68.
12
What is the remainder when 1238 is divided by 58?
20
Calculate the remainder when 2023 is divided by 136.
119
Calculate the remainder when 5113 is divided by 43.
39
What is the remainder when 293 is divided by 62?
45
Calculate the remainder when 1822 is divided by 228.
226
Calculate the remainder when 5118 is divided by 80.
78
What is the remainder when 186 is divided by 95?
91
Calculate the remainder when 48 is divided by 33.
15
What is the remainder when 101 is divided by 87?
14
Calculate the remainder when 958 is divided by 8.
6
What is the remainder when 706 is divided by 341?
24
Calculate the remainder when 153 is divided by 20.
13
What is the remainder when 453 is divided by 13?
11
Calculate the remainder when 1348 is divided by 71.
70
What is the remainder when 37175 is divided by 58?
55
Calculate the remainder when 2019 is divided by 670.
9
What is the remainder when 132 is divided by 19?
18
What is the remainder when 8471 is divided by 7?
1
Calculate the remainder when 144 is divided by 30.
24
What is the remainder when 554 is divided by 183?
5
What is the remainder when 281 is divided by 95?
91
Calculate the remainder when 362 is divided by 39.
11
What is the remainder when 609 is divided by 183?
60
What is the remainder when 208 is divided by 14?
12
Calculate the remainder when 115 is divided by 86.
29
What is the remainder when 1137 is divided by 95?
92
Calculate the remainder when 693 is divided by 4.
1
Calculate the remainder when 2072 is divided by 122.
120
Calculate the remainder when 12891 is divided by 7.
4
What is the remainder when 543 is divided by 14?
11
Calculate the remainder when 16808 is divided by 13.
12
Calculate the remainder when 621 is divided by 39.
36
What is the remainder when 1286 is divided by 15?
11
Calculate the remainder when 1539 is divided by 35.
34
What is the remainder when 38 is divided by 14?
10
Calculate the remainder when 24 is divided by 19.
5
Calculate the remainder when 341 is divided by 29.
22
What is the remainder when 294 is divided by 59?
58
What is the remainder when 102 is divided by 49?
4
What is the remainder when 110 is divided by 24?
14
What is the remainder when 27822 is divided by 74?
72
Calculate the remainder when 31 is divided by 8.
7
Calculate the remainder when 11247 is divided by 90.
87
What is the remainder when 23 is divided by 18?
5
What is the remainder when 113 is divided by 39?
35
Calculate the remainder when 15157 is divided by 53.
52
What is the remainder when 155 is divided by 88?
67
Calculate the remainder when 25 is divided by 5.
0
Calculate the remainder when 3132 is divided by 15.
12
What is the remainder when 3859 is divided by 143?
141
What is the remainder when 152 is divided by 22?
20
What is the remainder when 364 is divided by 34?
24
What is the remainder when 237 is divided by 89?
59
What is the remainder when 1812 is divided by 7?
6
What is the remainder when 320 is divided by 54?
50
Calculate the remainder when 17188 is divided by 191.
189
What is the remainder when 157 is divided by 55?
47
Calculate the remainder when 37 is divided by 28.
9
Calculate the remainder when 61 is divided by 31.
30
What is the remainder when 889 is divided by 228?
205
Calculate the remainder when 334 is divided by 26.
22
What is the remainder when 234 is divided by 59?
57
What is the remainder when 398 is divided by 20?
18
Calculate the remainder when 630 is divided by 79.
77
Calculate the remainder when 37 is divided by 7.
2
What is the remainder when 342 is divided by 34?
2
Calculate the remainder when 194 is divided by 14.
12
Calculate the remainder when 2249 is divided by 106.
23
What is the remainder when 2006 is divided by 30?
26
What is the remainder when 1526 is divided by 34?
30
Calculate the remainder when 372 is divided by 26.
8
What is the remainder when 764 is divided by 504?
260
What is the remainder when 202 is divided by 55?
37
Calculate the remainder when 671 is divided by 32.
31
Calculate the remainder when 131 is divided by 11.
10
Calculate the remainder when 123 is divided by 6.
3
What is the remainder when 1865 is divided by 36?
29
Calculate the remainder when 1911 is divided by 29.
26
What is the remainder when 2077 is divided by 10?
7
Calculate the remainder when 3598 is divided by 59.
58
What is the remainder when 860 is divided by 251?
107
What is the remainder when 3546 is divided by 158?
70
Calculate the remainder when 489 is divided by 77.
27
What is the remainder when 98 is divided by 32?
2
What is the remainder when 1730 is divided by 350?
330
What is the remainder when 209 is divided by 27?
20
Calculate the remainder when 640 is divided by 19.
13
Calculate the remainder when 10 is divided by 4.
2
Calculate the remainder when 334 is divided by 16.
14
Calculate the remainder when 936 is divided by 467.
2
Calculate the remainder when 132 is divided by 32.
4
What is the remainder when 114 is divided by 22?
4
Calculate the remainder when 10392 is divided by 3463.
3
What is the remainder when 816 is divided by 53?
21
What is the remainder when 140 is divided by 126?
14
Calculate the remainder when 65 is divided by 23.
19
Calculate the remainder when 825 is divided by 72.
33
Calculate the remainder when 645 is divided by 3.
0
Calculate the remainder when 169 is divided by 11.
4
Calculate the remainder when 2170 is divided by 12.
10
Calculate the remainder when 172 is divided by 83.
6
What is the remainder when 23 is divided by 15?
8
What is the remainder when 1014 is divided by 29?
28
What is the remainder when 62 is divided by 41?
21
Calculate the remainder when 338 is divided by 162.
14
Calculate the remainder when 602 is divided by 202.
198
Calculate the remainder when 346 is divided by 23.
1
What is the remainder when 852 is divided by 41?
32
Calculate the remainder when 16298 is divided by 78.
74
Calculate the remainder when 9153 is divided by 1